he prime factors of 18781.
7, 2683
What are the prime factors of 57834?
2, 3, 7, 17
What are the prime factors of 1408?
2, 11
List the prime factors of 8915.
5, 1783
What are the prime factors of 1184?
2, 37
What are the prime factors of 23321?
23321
List the prime factors of 29392.
2, 11, 167
List the prime factors of 328.
2, 41
List the prime factors of 135977.
135977
What are the prime factors of 5273?
5273
What are the prime factors of 1967?
7, 281
What are the prime factors of 154219?
13, 11863
What are the prime factors of 33987?
3, 11329
List the prime factors of 5536.
2, 173
List the prime factors of 4759.
4759
What are the prime factors of 6587?
7, 941
What are the prime factors of 58513?
7, 13, 643
List the prime factors of 43678.
2, 21839
What are the prime factors of 2354?
2, 11, 107
What are the prime factors of 4186?
2, 7, 13, 23
List the prime factors of 1062.
2, 3, 59
What are the prime factors of 2369?
23, 103
List the prime factors of 1423.
1423
What are the prime factors of 196?
2, 7
What are the prime factors of 51912?
2, 3, 7, 103
What are the prime factors of 887?
887
List the prime factors of 166224.
2, 3, 3463
List the prime factors of 16788.
2, 3, 1399
What are the prime factors of 1206?
2, 3, 67
List the prime factors of 163984.
2, 37, 277
List the prime factors of 1844.
2, 461
What are the prime factors of 414?
2, 3, 23
What are the prime factors of 2863?
7, 409
List the prime factors of 401.
401
What are the prime factors of 2023?
7, 17
List the prime factors of 55173.
3, 53, 347
List the prime factors of 1386.
2, 3, 7, 11
List the prime factors of 16014.
2, 3, 17, 157
What are the prime factors of 4780?
2, 5, 239
What are the prime factors of 1352?
2, 13
List the prime factors of 76937.
7, 29, 379
What are the prime factors of 44704?
2, 11, 127
List the prime factors of 7386.
2, 3, 1231
List the prime factors of 1173.
3, 17, 23
What are the prime factors of 74116?
2, 7, 2647
What are the prime factors of 1450?
2, 5, 29
What are the prime factors of 37651?
23, 1637
List the prime factors of 4131.
3, 17
List the prime factors of 3207.
3, 1069
List the prime factors of 21281.
13, 1637
What are the prime factors of 83132?
2, 7, 2969
What are the prime factors of 2480?
2, 5, 31
List the prime factors of 2173.
41, 53
List the prime factors of 55238.
2, 71, 389
What are the prime factors of 720?
2, 3, 5
List the prime factors of 30332.
2, 7583
List the prime factors of 12928.
2, 101
What are the prime factors of 163?
163
List the prime factors of 8727.
3, 2909
List the prime factors of 1980.
2, 3, 5, 11
What are the prime factors of 3058?
2, 11, 139
List the prime factors of 328.
2, 41
List the prime factors of 128.
2
List the prime factors of 2740.
2, 5, 137
What are the prime factors of 4773?
3, 37, 43
List the prime factors of 119742.
2, 3, 7, 2851
What are the prime factors of 37926?
2, 3, 7, 43
List the prime factors of 5901.
3, 7, 281
What are the prime factors of 56930?
2, 5, 5693
What are the prime factors of 1875?
3, 5
What are the prime factors of 1142?
2, 571
List the prime factors of 3854.
2, 41, 47
What are the prime factors of 650?
2, 5, 13
What are the prime factors of 2166?
2, 3, 19
List the prime factors of 1905.
3, 5, 127
What are the prime factors of 31712?
2, 991
List the prime factors of 52714.
2, 26357
List the prime factors of 23454.
2, 3, 1303
What are the prime factors of 625?
5
List the prime factors of 2398.
2, 11, 109
List the prime factors of 10773.
3, 7, 19
List the prime factors of 11427.
3, 13, 293
What are the prime factors of 848?
2, 53
What are the prime factors of 58285?
5, 11657
List the prime factors of 9099.
3, 337
List the prime factors of 34258.
2, 7, 2447
List the prime factors of 10963.
19, 577
What are the prime factors of 53047?
53047
What are the prime factors of 544?
2, 17
What are the prime factors of 3672?
2, 3, 17
What are the prime factors of 4098?
2, 3, 683
What are the prime factors of 3899?
7, 557
List the prime factors of 9895.
5, 1979
What are the prime factors of 323?
17, 19
List the prime factors of 3295.
5, 659
List the prime factors of 4156.
2, 1039
List the prime factors of 5355.
3, 5, 7, 17
What are the prime factors of 81423?
3, 83, 109
List the prime factors of 1978.
2, 23, 43
What are the prime factors of 99?
3, 11
List the prime factors of 2142.
2, 3, 7, 17
What are the prime factors of 1113?
3, 7, 53
List the prime factors of 231.
3, 7, 11
What are the prime factors of 48972?
2, 3, 7, 11, 53
List the prime factors of 907.
907
List the prime factors of 34538.
2, 7, 2467
What are the prime factors of 504?
2, 3, 7
What are the prime factors of 537?
3, 179
List the prime factors of 22058.
2, 41, 269
What are the prime factors of 89297?
13, 6869
What are the prime factors of 11085?
3, 5, 739
List the prime factors of 10332.
2, 3, 7, 41
List the prime factors of 13985.
5, 2797
List the prime factors of 2143.
2143
What are the prime factors of 2108?
2, 17, 31
List the prime factors of 331.
331
List the prime factors of 1905.
3, 5, 127
What are the prime factors of 154103?
73, 2111
What are the prime factors of 1167?
3, 389
List the prime factors of 4555.
5, 911
List the prime factors of 11273.
11273
What are the prime factors of 7047?
3, 29
List the prime factors of 877.
877
List the prime factors of 185.
5, 37
What are the prime factors of 4258?
2, 2129
List the prime factors of 20839.
7, 13, 229
List the prime factors of 139.
139
List the prime factors of 686.
2, 7
List the prime factors of 100333.
100333
List the prime factors of 47444.
2, 29, 409
What are the prime factors of 96008?
2, 11, 1091
What are the prime factors of 7113?
3, 2371
What are the prime factors of 186388?
2, 17, 2741
List the prime factors of 14525.
5, 7, 83
List the prime factors of 58804.
2, 61, 241
What are the prime factors of 2254?
2, 7, 23
What are the prime factors of 979?
11, 89
What are the prime factors of 248?
2, 31
List the prime factors of 3522.
2, 3, 587
List the prime factors of 1630.
2, 5, 163
What are the prime factors of 313?
313
List the prime factors of 16939.
13, 1303
What are the prime factors of 4620?
2, 3, 5, 7, 11
List the prime factors of 9531.
3, 353
List the prime factors of 95.
5, 19
What are the prime factors of 36922?
2, 18461
What are the prime factors of 2729?
2729
What are the prime factors of 612?
2, 3, 17
List the prime factors of 33486.
2, 3, 5581
What are the prime factors of 13208?
2, 13, 127
List the prime factors of 2245.
5, 449
What are the prime factors of 33186?
2, 3, 5531
What are the prime factors of 53197?
53197
List the prime factors of 699.
3, 233
What are the prime factors of 248?
2, 31
What are the prime factors of 4960?
2, 5, 31
What are the prime factors of 6152?
2, 769
What are the prime factors of 772?
2, 193
What are the prime factors of 954?
2, 3, 53
What are the prime factors of 1804?
2, 11, 41
What are the prime factors of 653?
653
List the prime factors of 43966.
2, 13, 19, 89
List the prime factors of 24087.
3, 7, 31, 37
What are the prime factors of 189672?
2, 3, 7, 1129
List the prime factors of 54618.
2, 3, 9103
What are the prime factors of 42110?
2, 5, 4211
List the prime factors of 7057.
7057
What are the prime factors of 3428?
2, 857
What are the prime factors of 14747?
14747
What are the prime factors of 602?
2, 7, 43
List the prime factors of 7939.
17, 467
What are the prime factors of 80?
2, 5
List the prime factors of 47656.
2, 7, 23, 37
What are the prime factors of 169?
13
List the prime factors of 2009.
7, 41
List the prime factors of 15113.
7, 17, 127
What are the prime factors of 1591?
37, 43
What are the prime factors of 9408?
2, 3, 7
List the prime factors of 1998.
2, 3, 37
List the prime factors of 1884.
2, 3, 157
What are the prime factors of 42720?
2, 3, 5, 89
List the prime factors of 9498.
2, 3, 1583
What are the prime factors of 10523?
17, 619
List the prime factors of 4238.
2, 13, 163
List the prime factors of 11065.
5, 2213
What are the prime factors of 1099?
7, 157
What are the prime factors of 32929?
13, 17, 149
List the prime factors of 21562.
2, 10781
List the prime factors of 140161.
7, 20023
What are the prime factors of 34849?
34849
List the prime factors of 866.
2, 433
List the prime factors